{"id":5,"date":"2018-08-17T15:13:11","date_gmt":"2018-08-17T06:13:11","guid":{"rendered":"https:\/\/www.opt.mist.i.u-tokyo.ac.jp\/hj2019\/?page_id=5"},"modified":"2019-06-07T11:54:24","modified_gmt":"2019-06-07T02:54:24","slug":"toppage","status":"publish","type":"page","link":"https:\/\/www.opt.mist.i.u-tokyo.ac.jp\/hj2019\/","title":{"rendered":"Home"},"content":{"rendered":"<h2>About the Conference<\/h2>\n<p>This series of symposia started in 1999, aiming at providing a forum for researchers of Hungary and Japan working in discrete mathematics and its applications, promoting the exchange of recent results, and fostering new collaborations. It has resulted in quite a few successful joint publications between Hungarian and Japanese researchers. We are now happy to celebrate its 20th anniversary.<\/p>\n<h2>Photo<\/h2>\n<p>You can see <a href=\"https:\/\/www.opt.mist.i.u-tokyo.ac.jp\/hj2019\/wp-content\/uploads\/sites\/3\/2019\/06\/HJ2019photo.jpg\">a photo of the conference<\/a>.<\/p>\n<h2>Submission Deadline<\/h2>\n<p><del>February 17, 2019<\/del>February 28, 2019 (see <a href=\"https:\/\/www.opt.mist.i.u-tokyo.ac.jp\/hj2019\/call-for-papers\/\">Call for Papers<\/a> for more detail).<\/p>\n<h2>Invited Speakers<\/h2>\n<p>Krist\u00f3f B\u00e9rczi (E\u00f6tv\u00f6s Lor\u00e1nd University)<br \/>\nAndr\u00e1s Frank (E\u00f6tv\u00f6s Lor\u00e1nd University)<br \/>\nP\u00e9ter Frankl (Alfr\u00e9d R\u00e9nyi Institute of Mathematics)<br \/>\nVikt\u00f3ria Kaszanitzky&nbsp;(Budapest University of Technology and Economics)<br \/>\nTam\u00e1s Kir\u00e1ly&nbsp;(E\u00f6tv\u00f6s Lor\u00e1nd University)<br \/>\nTakanori Maehara (RIKEN Center for Advanced Intelligence Project)<br \/>\nP\u00e9ter P\u00e1l Pach (Budapest University of Technology and Economics)<br \/>\nAndr\u00e1s Recski&nbsp;(Budapest University of Technology and Economics)<br \/>\nKenjiro Takazawa (Hosei University)<br \/>\nYuichi Yoshida (National Institute of Informatics)<\/p>\n<h2>Conference Location<\/h2>\n<p><strong>Sanjo Conference Hall,<\/strong> the Hongo campus of the University of Tokyo, Bunkyo-ku, Tokyo.<br \/>\n<iframe loading=\"lazy\" style=\"border: 0;\" src=\"https:\/\/www.google.com\/maps\/embed?pb=!1m18!1m12!1m3!1d4201.224278231878!2d139.76191442979282!3d35.71177837416198!2m3!1f0!2f0!3f0!3m2!1i1024!2i768!4f13.1!3m3!1m2!1s0x60188c2ffa206ea3%3A0x732b564f94d9b07f!2sSanjo+Conference+Hall!5e0!3m2!1sen!2sjp!4v1536134293563\" width=\"400\" height=\"300\" frameborder=\"0\" allowfullscreen=\"allowfullscreen\"><\/iframe><\/p>\n<ul>\n<li><a href=\"https:\/\/www.u-tokyo.ac.jp\/content\/400020145.pdf\">Map of Hongo campus<\/a><\/li>\n<li><a href=\"https:\/\/www.u-tokyo.ac.jp\/content\/400020133.pdf\">Public transport map to Hongo campus<\/a><\/li>\n<\/ul>\n<h2>Organizing Committee<\/h2>\n<ul>\n<li><strong>Satoru Iwata (University of Tokyo)<\/strong><\/li>\n<li>Katie Clinch (University of Tokyo)<\/li>\n<li>Kazuhisa Makino (Kyoto University)<\/li>\n<li>Tasuku Soma (University of Tokyo)<\/li>\n<li>Shin-ichi Tanigawa (University of Tokyo)<\/li>\n<li>Yu Yokoi (National Institute of Informatics)<\/li>\n<\/ul>\n<h2>Program Committee<\/h2>\n<ul>\n<li><strong>Hiroshi Hirai (University of Tokyo)<\/strong><\/li>\n<li>Takehiro Ito (Tohoku University)<\/li>\n<li>Naonori Kakimura (Keio University)<\/li>\n<li>Naoyuki Kamiyama (Kyushu University)<\/li>\n<li>Yusuke Kobayashi (Kyoto University)<\/li>\n<\/ul>\n<h2>Advisory Board<\/h2>\n<ul>\n<li>Andr\u00e1s Frank (E\u00f6tv\u00f6s Lor\u00e1nd University)<\/li>\n<li>Hiroshi Imai (University of Tokyo)<\/li>\n<li>Tibor Jord\u00e1n (E\u00f6tv\u00f6s Lor\u00e1nd University)<\/li>\n<li>Gyula Y. Katona (Budapest University of Technology and Economics)<\/li>\n<li>Kazuo Murota (Tokyo Metropolitan University)<\/li>\n<li>Andr\u00e1s Recski (Budapest University of Technology and Economics)<\/li>\n<li>Akihisa Tamura (Keio University)<\/li>\n<li>Takeshi Tokuyama (Tohoku University)<\/li>\n<\/ul>\n<h2>Contact<\/h2>\n<p>Shin-ichi Tanigawa (hj2019 [at] opt.mist.i.u-tokyo.ac.jp)<\/p>\n<h2>Sponsors<\/h2>\n<p><a href=\"https:\/\/www.jst.go.jp\/kisoken\/crest\/en\/project\/1111084\/14532097.html\">JST CREST, &#8220;Developing Optimal Modeling Methods for Large-Scale Complex Systems&#8221;<\/a><br \/>\n<img loading=\"lazy\" decoding=\"async\" class=\"alignnone size-medium wp-image-118\" src=\"https:\/\/www.opt.mist.i.u-tokyo.ac.jp\/hj2019\/wp-content\/uploads\/sites\/3\/2019\/04\/crest_logo-300x64.jpg\" alt=\"CREST\" width=\"300\" height=\"64\" srcset=\"https:\/\/www.opt.mist.i.u-tokyo.ac.jp\/hj2019\/wp-content\/uploads\/sites\/3\/2019\/04\/crest_logo-300x64.jpg 300w, https:\/\/www.opt.mist.i.u-tokyo.ac.jp\/hj2019\/wp-content\/uploads\/sites\/3\/2019\/04\/crest_logo-768x165.jpg 768w, https:\/\/www.opt.mist.i.u-tokyo.ac.jp\/hj2019\/wp-content\/uploads\/sites\/3\/2019\/04\/crest_logo-1024x220.jpg 1024w, https:\/\/www.opt.mist.i.u-tokyo.ac.jp\/hj2019\/wp-content\/uploads\/sites\/3\/2019\/04\/crest_logo.jpg 1338w\" sizes=\"auto, (max-width: 300px) 100vw, 300px\" \/><\/p>\n<p><a href=\"http:\/\/www.kurims.kyoto-u.ac.jp\/en\/index.html\">Research Institute for Mathematical Sciences, Kyoto University<\/a><br \/>\n<img loading=\"lazy\" decoding=\"async\" class=\"alignnone size-medium wp-image-117\" src=\"https:\/\/www.opt.mist.i.u-tokyo.ac.jp\/hj2019\/wp-content\/uploads\/sites\/3\/2019\/04\/rims_logo-300x202.jpg\" alt=\"RIMS\" width=\"120\" height=\"120\"><\/p>\n","protected":false},"excerpt":{"rendered":"<p>About the Conference This series of symposia started in 1999, aiming at providing a forum for researchers of Hungary and Japan working in discrete mathematics and its applications, promoting the exchange of recent results, and fostering new collaborations. It has resulted in quite a few successful joint publications between Hungarian and Japanese researchers. We are&hellip; <br \/> <a class=\"read-more\" href=\"https:\/\/www.opt.mist.i.u-tokyo.ac.jp\/hj2019\/\">Read more<\/a><\/p>\n","protected":false},"author":1,"featured_media":0,"parent":0,"menu_order":0,"comment_status":"closed","ping_status":"closed","template":"","meta":{"footnotes":""},"class_list":["post-5","page","type-page","status-publish","hentry"],"_links":{"self":[{"href":"https:\/\/www.opt.mist.i.u-tokyo.ac.jp\/hj2019\/wp-json\/wp\/v2\/pages\/5","targetHints":{"allow":["GET"]}}],"collection":[{"href":"https:\/\/www.opt.mist.i.u-tokyo.ac.jp\/hj2019\/wp-json\/wp\/v2\/pages"}],"about":[{"href":"https:\/\/www.opt.mist.i.u-tokyo.ac.jp\/hj2019\/wp-json\/wp\/v2\/types\/page"}],"author":[{"embeddable":true,"href":"https:\/\/www.opt.mist.i.u-tokyo.ac.jp\/hj2019\/wp-json\/wp\/v2\/users\/1"}],"replies":[{"embeddable":true,"href":"https:\/\/www.opt.mist.i.u-tokyo.ac.jp\/hj2019\/wp-json\/wp\/v2\/comments?post=5"}],"version-history":[{"count":40,"href":"https:\/\/www.opt.mist.i.u-tokyo.ac.jp\/hj2019\/wp-json\/wp\/v2\/pages\/5\/revisions"}],"predecessor-version":[{"id":163,"href":"https:\/\/www.opt.mist.i.u-tokyo.ac.jp\/hj2019\/wp-json\/wp\/v2\/pages\/5\/revisions\/163"}],"wp:attachment":[{"href":"https:\/\/www.opt.mist.i.u-tokyo.ac.jp\/hj2019\/wp-json\/wp\/v2\/media?parent=5"}],"curies":[{"name":"wp","href":"https:\/\/api.w.org\/{rel}","templated":true}]}}